7
List the prime factors of 4202927817.
3, 11, 127361449
What are the prime factors of 3053214234?
2, 3, 7, 19, 1275361
What are the prime factors of 2376569051?
12809, 185539
What are the prime factors of 26698739?
59, 452521
List the prime factors of 45219535.
5, 227, 39841
List the prime factors of 789280706.
2, 877, 449989
What are the prime factors of 89827257?
3, 13, 2303263
What are the prime factors of 145510525?
5, 5820421
What are the prime factors of 2153434552?
2, 479, 561961
What are the prime factors of 13842982?
2, 19, 364289
What are the prime factors of 923568381?
3, 23, 79, 56477
What are the prime factors of 2079436070?
2, 5, 7211, 28837
What are the prime factors of 115278972?
2, 3, 17, 73, 7741
List the prime factors of 4170816761.
4170816761
What are the prime factors of 670473705?
3, 5, 11, 369407
What are the prime factors of 41084269?
31, 89, 14891
What are the prime factors of 928136120?
2, 5, 37, 627119
List the prime factors of 33511138.
2, 23, 173, 4211
List the prime factors of 309133858.
2, 11, 71, 197909
List the prime factors of 1665834081.
3, 555278027
List the prime factors of 2540956417.
307, 1559, 5309
What are the prime factors of 42853706?
2, 7, 29, 59, 1789
What are the prime factors of 1750797442?
2, 53, 863, 19139
What are the prime factors of 81269633?
137, 593209
List the prime factors of 111364683.
3, 59, 337, 1867
List the prime factors of 119394426.
2, 3, 23, 865177
List the prime factors of 118986239.
118986239
What are the prime factors of 214956824?
2, 59, 269, 1693
What are the prime factors of 878826579?
3, 859, 341027
List the prime factors of 2970979492.
2, 13, 57134221
What are the prime factors of 95485197?
3, 29, 37, 29663
List the prime factors of 393881209.
61, 73, 197, 449
List the prime factors of 37032086.
2, 7, 13, 17, 11969
List the prime factors of 41569290.
2, 3, 5, 7, 65983
List the prime factors of 3397722399.
3, 4049, 93239
What are the prime factors of 2543626926?
2, 3, 97, 353, 4127
List the prime factors of 315392116.
2, 13, 6065233
List the prime factors of 2355254755.
5, 7, 439, 153287
What are the prime factors of 167396762?
2, 13, 163, 39499
List the prime factors of 110663010.
2, 3, 5, 136621
List the prime factors of 879335887.
879335887
What are the prime factors of 411597281?
67, 6143243
What are the prime factors of 84213717?
3, 7, 4010177
What are the prime factors of 172034543?
17, 379, 26701
List the prime factors of 123442273.
2027, 60899
What are the prime factors of 1349926933?
2903, 465011
List the prime factors of 141640330.
2, 5, 13, 83, 13127
What are the prime factors of 254618684?
2, 63654671
What are the prime factors of 134834095?
5, 11, 61, 40189
List the prime factors of 2414619748.
2, 603654937
List the prime factors of 1647714424.
2, 205964303
What are the prime factors of 965126577?
3, 5813, 55343
List the prime factors of 730906446.
2, 3, 97, 449, 2797
What are the prime factors of 11474794?
2, 5737397
What are the prime factors of 424466065?
5, 84893213
List the prime factors of 9213292.
2, 11, 209393
What are the prime factors of 2244881288?
2, 13, 21585397
List the prime factors of 51280881.
3, 137, 124771
List the prime factors of 48213708.
2, 3, 311, 12919
What are the prime factors of 938035341?
3, 607, 171707
List the prime factors of 80160310.
2, 5, 8016031
What are the prime factors of 188241119?
11, 17, 1006637
What are the prime factors of 1528985353?
7, 218426479
What are the prime factors of 6468554381?
48593, 133117
List the prime factors of 37204260.
2, 3, 5, 47, 79, 167
List the prime factors of 32967923.
32967923
List the prime factors of 863252438.
2, 431626219
What are the prime factors of 91594320?
2, 3, 5, 331, 1153
List the prime factors of 793908307.
59, 337, 39929
List the prime factors of 40369299.
3, 509, 26437
List the prime factors of 2285270821.
97, 23559493
What are the prime factors of 337445109?
3, 401, 3463
What are the prime factors of 1577465443?
19, 79, 569, 1847
What are the prime factors of 553409599?
19, 5021, 5801
List the prime factors of 6128120295.
3, 5, 11, 12380041
List the prime factors of 3453346943.
3389, 1018987
List the prime factors of 665439442.
2, 47, 941, 7523
List the prime factors of 472345338.
2, 3, 41, 853, 2251
What are the prime factors of 121978451?
7, 17, 1025029
List the prime factors of 230328479.
230328479
List the prime factors of 473489544.
2, 3, 11, 131, 13691
What are the prime factors of 109257563?
47, 2324629
What are the prime factors of 700142731?
131, 5344601
List the prime factors of 138962391.
3, 46320797
List the prime factors of 8652453182.
2, 37, 191, 612173
What are the prime factors of 34092729?
3, 11, 344371
List the prime factors of 395799310.
2, 5, 127, 311653
What are the prime factors of 61676163?
3, 6852907
List the prime factors of 16121185.
5, 17, 189661
What are the prime factors of 11145750?
2, 3, 5, 7, 11, 193
What are the prime factors of 475782199?
475782199
What are the prime factors of 5717941580?
2, 5, 13, 21992083
What are the prime factors of 743319231?
3, 367, 675131
What are the prime factors of 794242666?
2, 7, 37, 219041
What are the prime factors of 440509559?
7, 17, 528823
What are the prime factors of 525259727?
17, 103, 299977
What are the prime factors of 2511408281?
307, 8180483
What are the prime factors of 24862199?
107, 232357
What are the prime factors of 522282916?
2, 31, 1787, 2357
What are the prime factors of 2336597736?
2, 3, 11, 149, 191, 311
What are the prime factors of 85356758?
2, 1103, 38693
List the prime factors of 353730134.
2, 59, 179, 16747
List the prime factors of 195889116.
2, 3, 113, 144461
What are the prime factors of 168712065?
3, 5, 416573
What are the prime factors of 2412123863?
17, 53, 617, 4339
What are the prime factors of 1354799220?
2, 3, 5, 22579987
What are the prime factors of 84777808?
2, 31, 59, 2897
List the prime factors of 93917376.
2, 3, 7, 23293
What are the prime factors of 17742285?
3, 5, 11, 73, 491
What are the prime factors of 781319050?
2, 5, 15626381
List the prime factors of 174042756.
2, 3, 537169
List the prime factors of 56637885.
3, 5, 3775859
List the prime factors of 223156607.
103, 229, 9461
List the prime factors of 3844901257.
227, 16937891
List the prime factors of 346596923.
346596923
List the prime factors of 142979257.
43, 3325099
List the prime factors of 182531424.
2, 3, 1901369
List the prime factors of 223752720.
2, 3, 5, 932303
What are the prime factors of 1669575668?
2, 417393917
List the prime factors of 1230370422.
2, 3, 19, 137, 78779
What are the prime factors of 117673310?
2, 5, 11767331
List the prime factors of 86059517.
86059517
List the prime factors of 367124971.
31, 109, 108649
What are the prime factors of 21677097?
3, 13, 555823
List the prime factors of 15066593.
701, 21493
What are the prime factors of 1813256901?
3, 79, 379, 2243
What are the prime factors of 4616101782?
2, 3, 2003, 128033
What are the prime factors of 223302920?
2, 5, 31, 101, 1783
List the prime factors of 4326868241.
67, 64580123
What are the prime factors of 1993202893?
11, 17, 1319, 8081
List the prime factors of 101751160.
2, 5, 7, 363397
List the prime factors of 768187953.
3, 13, 6565709
List the prime factors of 2503404273.
3, 834468091
List the prime factors of 2166982260.
2, 3, 5, 23, 83, 18919
What are the prime factors of 15570688?
2, 7, 8689
What are the prime factors of 967225522?
2, 483612761
List the prime factors of 5353132189.
5353132189
What are the prime factors of 81594190?
2, 5, 8159419
List the prime factors of 97299040.
2, 5, 367, 1657
List the prime factors of 285549214.
2, 19, 2417, 3109
List the prime factors of 125000195.
5, 751, 33289
List the prime factors of 6138425408.
2, 89, 1077673
What are the prime factors of 242194540?
2, 5, 7, 1729961
List the prime factors of 1508928084.
2, 3, 41, 457, 2237
What are the prime factors of 75388185?
3, 5, 558431
List the prime factors of 2839993932.
2, 3, 236666161
What are the prime factors of 42613741?
42613741
What are the prime factors of 980907476?
2, 151, 1624019
List the prime factors of 15203922.
2, 3, 991, 2557
What are the prime factors of 129564438?
2, 3, 31, 307, 2269
What are the prime factors of